est common divisor of 17 and q.
17
Let q(p) = 34*p - 5. Let t be q(2). Suppose 2*n - 20 = -2. What is the greatest common factor of t and n?
9
Let g(w) = -w**2 - 5*w - 3. Let x be g(-3). Let k be (-60)/(-3) - (x + -3). What is the highest common divisor of 50 and k?
10
Let h be (3 - (-78 - 3)) + 4. What is the highest common divisor of h and 11?
11
Let k(q) = -q**2 + 11. Let w be k(0). Let s = -108 + 196. What is the highest common divisor of s and w?
11
Let h = 404 + -279. What is the highest common divisor of h and 25?
25
Let z = 88 + -38. Let i = z + -14. Let t be 1221/27 + (-8)/i. Calculate the highest common divisor of t and 5.
5
Suppose -5*t - 3*i = -541, 3*t + 4*i - 147 = 171. Calculate the greatest common factor of 10 and t.
10
Let u be 2158/65 + 2/(-10). Let f(m) = m**2 + 3*m - 7. Let w be f(-6). Calculate the highest common factor of u and w.
11
Let k(n) = -5*n + 10. Let y be k(-8). Calculate the highest common factor of 20 and y.
10
Let w be (2 - 4 - 1) + -3. Let x = 3 - w. What is the greatest common divisor of 9 and x?
9
Let c = 18 - 10. Calculate the highest common divisor of 12 and c.
4
Let m be 30/9 - 2/(-3). Let g = m + 0. Suppose -4*j = -g*h + j - 9, -3*j + 35 = 5*h. What is the highest common factor of h and 36?
4
Let t = -3 - -3. Suppose -3*v + t*v + 39 = 0. Calculate the highest common factor of v and 104.
13
Let o(t) = 4*t + 1. Let c be o(1). Suppose j + c + 1 = 0. Let k(w) = -w**3 - 6*w**2 - 3*w + 2. Let z be k(j). Calculate the highest common divisor of 5 and z.
5
Let p be 4*(-2 - -2 - -1). Suppose 3*b = 2*b + 36. What is the highest common divisor of p and b?
4
Let k be 221 + (-4 - (-3 - 5)). What is the highest common factor of 25 and k?
25
Let n be ((-4)/(-3))/(8/528). Suppose v = 3*q - 4*v - n, -5*v = -q + 36. What is the greatest common factor of q and 65?
13
Suppose -3*s + 4 = -5. Let f = 31 + -10. Calculate the greatest common divisor of f and s.
3
Suppose -3*x + 24 = -3. Suppose 4*w = -5*q - 36, 0 = -w - q - x + 1. Let c = 6 + w. What is the highest common factor of c and 5?
1
Let z(n) = -4*n - 2. Suppose -19 = i + 3*p, 2*i = -p - 13 - 0. Let d = i - -2. Let v be z(d). Calculate the highest common factor of v and 24.
6
Suppose 4*f = 6 + 6. Let d(m) = -f*m + 3 + 4*m - 2*m. Let x be d(-5). What is the highest common divisor of 56 and x?
8
Let j = -2 - -2. Suppose 0 = 3*v - 3, -3*d + 2*v = -j*d + 11. Let i be -1 - d - (-11 - -3). Calculate the highest common divisor of i and 15.
5
Let x = -13 - -11. Let f be x/(-4) - (-3070)/20. Let l(u) = -u**2 + 14. Let t be l(0). Calculate the greatest common divisor of f and t.
14
Let z(w) = -w + 12. Let c be z(0). Let r = -6 + c. Let i be 6/(-27) + (-656)/(-36). Calculate the highest common divisor of r and i.
6
Let o(h) = 29*h + 12. Let p be o(2). Calculate the greatest common divisor of p and 7.
7
Let l(r) = -r**3 - 7*r**2 + 5*r - 10. Let p = -17 - -9. Let x be l(p). What is the greatest common factor of x and 2?
2
Let i be (-12)/(-66) + 282/22. Let b be 4/3*(-9)/(-6). Let r be (-26)/((b + -3)/2). Calculate the highest common factor of r and i.
13
Suppose m - 12 = -2*m. Let l be 69/m + 1/(-4). Suppose -2*o = 4*g - 8 - 52, -2*g + 54 = -5*o. What is the greatest common factor of g and l?
17
Let y = -10 + 14. Suppose y*n - 40 = -n. Calculate the highest common divisor of n and 12.
4
Let g be 143/4 + 16/64. Let f be (-4)/((g/16)/(-9)). What is the greatest common divisor of f and 32?
16
Let o be (4 - 0/(-2)) + 0. Let b(g) be the first derivative of -g**3/3 + 4*g**2 + 10*g - 2. Let l be b(8). What is the greatest common factor of o and l?
2
Let n(t) be the second derivative of t**4/12 + t**3/3 + 2*t**2 - 2*t. Let x be n(-6). Calculate the greatest common divisor of 42 and x.
14
Let h = -6 - -13. What is the highest common divisor of 56 and h?
7
Suppose -5*p - 2*f + 1330 = 0, -220 = 3*p + 5*f - 1037. Suppose m - 13 = 11. What is the highest common divisor of m and p?
24
Let q = 13 + -12. Let n = q + 2. What is the greatest common divisor of n and 3?
3
Let h be 4/22 + (-6)/33. Suppose -c - 13 = -5*o, h*o + 5 = o - c. What is the greatest common divisor of 3 and o?
1
Let l = -2 - -14. What is the greatest common divisor of l and 2?
2
Let v be (-6)/14 + (-4332)/84. Let a be (25/(-20))/(1/v). Calculate the highest common factor of 13 and a.
13
Let m = 159 - 99. Let l(z) = 3*z - 19. Let a be l(13). What is the greatest common factor of a and m?
20
Let s = -1 + 4. Let f = 18 + 5. Let l = 41 - f. Calculate the greatest common factor of l and s.
3
Let p be ((-2)/(-6))/(3/126). Calculate the greatest common divisor of p and 112.
14
Suppose -y = -5*h + h + 4, -2*h = -4. Calculate the greatest common divisor of y and 4.
4
Suppose -4*a = -a + 6. Let x be (7/(14/(-12)))/a. Let f = x + 41. What is the highest common factor of 11 and f?
11
Suppose 3*a + 2*a + 10 = -5*v, -3*v - 8 = 5*a. Let x be (-4)/1*v/4. Let o = -11 - -18. What is the greatest common divisor of o and x?
1
Let v(n) = 58*n - 6. Let l be v(5). Let a = l + -174. What is the greatest common divisor of a and 10?
10
Let v = -16 + 29. Calculate the greatest common divisor of 91 and v.
13
Let a = 54 - 27. What is the highest common factor of 81 and a?
27
Let h(k) = -k. Let a be h(-2). Let l(f) = -f + 2*f**a - 4 - 4*f + f - 4*f. Let d be l(6). Calculate the greatest common divisor of 50 and d.
10
Let d(b) = -59*b - 7. Let v be d(-6). Suppose 4*a - 297 = v. Calculate the highest common factor of a and 23.
23
Suppose 3*a + 0*u + u - 401 = 0, -5*a + 657 = -4*u. Suppose 0 = 5*d - 77 - a. Calculate the highest common divisor of 6 and d.
6
Let y(p) = -p**3 + 4*p**2 - 3*p - 3. Let x be y(3). Let d be 12 + x/(-6)*4. Calculate the greatest common factor of 21 and d.
7
Let h = 7 - -17. What is the greatest common divisor of 16 and h?
8
Let h be 6/27 + 842/18. Let n = 1 + h. What is the highest common divisor of 16 and n?
16
Let i = 3 - 3. Suppose i = -3*c + c + 20. What is the highest common factor of c and 30?
10
Let s = 340 - 83. Suppose 4*c = s - 101. What is the highest common factor of c and 26?
13
Let q = 9 + -7. What is the greatest common factor of q and 14?
2
Let m = 14 + -3. Suppose -33 = -3*i + 198. What is the highest common divisor of i and m?
11
Let u(l) = -3*l. Let d be u(-6). Let i be d/4*(-8)/(-3). What is the greatest common factor of 3 and i?
3
Suppose -14 = f - 2*f. What is the greatest common factor of 70 and f?
14
Let i = 121 - 30. Suppose 0 = 4*w - i - 245. What is the highest common factor of 12 and w?
12
Suppose -8 = -0*r - r. Let q be (-2 - -5)*(r - 2). Let h(x) = 2*x**2 + 5*x + 2. Let c be h(-5). Calculate the greatest common factor of q and c.
9
Suppose 5*u - 2*s = 38 + 26, -s - 53 = -4*u. What is the greatest common factor of u and 182?
14
Let f be ((-15)/(-20))/(1/8). Suppose 2*u = 2*v + f, 0 = -u - 5*v - 0 + 3. Let k be (-3 - -10)*(2 + 1). Calculate the greatest common factor of k and u.
3
Let m(h) = -13*h**3 + h**2. Let c be m(-1). What is the highest common factor of 70 and c?
14
Let w(h) = -h**3 + 9*h**2 - h - 6. Let k be w(7). Let u be ((-68)/(-5))/(32/80). What is the highest common divisor of u and k?
17
Let f be 46/10 - (-3)/(-5). What is the greatest common divisor of 20 and f?
4
Suppose -5*o + l = -11, -7 = -3*o - 2*l - 3. Calculate the highest common divisor of 3 and o.
1
Let j be (-44)/506 - 4836/(-69). Suppose -5*d - 48 = -4*a, 2*a - 22 = -3*d + 5*d. Suppose -3*x + 28 - a = 0. Calculate the greatest common factor of j and x.
7
Let r = 31 - 7. Suppose c - r = -c. What is the greatest common factor of 24 and c?
12
Let n(p) = p**3 - 3*p**2 - 5*p - 1. Let i be n(5). Let v be (3*-2)/(7/28 + -1). Calculate the highest common factor of v and i.
8
Let v(u) = 1 - 3 + 12*u + 24*u - 14*u. Let q be v(2). Let f be ((-28)/3)/1*-3. Calculate the greatest common divisor of q and f.
14
Suppose 288 = 3*o - o - 4*s, -s + 268 = 2*o. Calculate the greatest common factor of o and 17.
17
Let f be 6444/162 - (-4)/18. What is the highest common divisor of 5 and f?
5
Suppose 15*b - 20*b = -600. What is the highest common divisor of 24 and b?
24
Let y(z) = z**3 + 5*z**2 - 9*z - 7. Let p be (-28)/5 - 6/15. Let c be y(p). Calculate the highest common factor of c and 11.
11
Let o(f) = 2*f**3 + f**3 + f**3 + 2 + 5*f**2 - 4*f - 5*